/(-12)). What is the remainder when 62 is divided by (w/q)/((-9)/120)?
14
Suppose -5*y + 0*y + 145 = 0. Let s(l) = -2*l + 2. Let j(g) = -g**2 - 10*g - 19. Let v be j(-8). What is the remainder when y is divided by s(v)?
5
Let v(t) = t**2 + 2*t - 1. Let y = 1000 - 993. Calculate the remainder when v(-7) is divided by y.
6
Suppose -4*q = 3*m - 47 - 122, -5*q = -5*m + 235. Let v = -25 + 57. Let g = 50 - v. Calculate the remainder when m is divided by g.
15
Suppose 0 = -5*x + 11 + 29. Suppose -3*b = 5*v - 30, -5*v - 3*b + 5 = -5*b. Suppose 184 = y + v*y. What is the remainder when y is divided by x?
6
Let o be (-6 - -8)*(0 + 1). Let i be (5/o)/((-11)/22). What is the remainder when i*((-46)/10 + -3) is divided by 13?
12
Let r(c) = -12*c**3 + c. Suppose -3 = o + 5*b + 12, -4*o = 3*b - 8. Let a(m) = -m + 8. Calculate the remainder when r(-1) is divided by a(o).
2
Let t(u) = -2*u**2 - 22*u + 7. Calculate the remainder when 48 is divided by t(-10).
21
Suppose 0*h + 5*h = 15. Let w(l) = -l**3 + 4*l**2 + 2*l + 4. Calculate the remainder when 5/((3/4)/h) is divided by w(4).
8
Let b(r) = 13*r - 99. What is the remainder when 40 is divided by b(8)?
0
Let p(d) = 14*d**2 + 3*d + 1. Let l be p(-2). Suppose 0*y - l = 3*y. Let j = 60 + y. Calculate the remainder when j is divided by 22.
21
Let n be 3/(-2 + (-28)/(-8)). Suppose n*s - 56 = -2*s. Let j(l) = 2*l. Calculate the remainder when s is divided by j(4).
6
Let i = 140 + -100. Calculate the remainder when i is divided by (-2)/12 + 51/36*10.
12
Let l(h) = -h + 22. Let v be l(10). Let q be 21 + 0*(-4)/v. Calculate the remainder when 39 is divided by (q/(-4))/((-7)/28).
18
Suppose 4*b + c - 218 = 0, c = 2*b + 3*c - 112. Calculate the remainder when 44 is divided by 4/(-18) - (-498)/b.
8
Let d(r) = -3*r + 4. Suppose 2*m = -2*m. Suppose m*l - 282 = -3*l. What is the remainder when l is divided by d(-4)?
14
Suppose 4*b = -b - 45. Let z = b - -11. Let k(g) = 9*g**2 + 2. What is the remainder when k(z) is divided by 10?
8
Suppose -5*q - 3*n = -25, 3*q = 7*q + 4*n - 20. Suppose 4*k = 3*g - 8, 0*g - 4*k = -2*g + 4. Calculate the remainder when q is divided by g.
1
Let m(f) = 72*f**2 + 2*f - 1. Suppose -2*z - 26 = -3*t + 7, -22 = -2*t + 5*z. What is the remainder when m(1) is divided by t?
7
Suppose -2*k = -69 + 19. Let g = -22 + k. Suppose -g*t + 4*l = -14 - 101, 5*l = 2*t - 65. Calculate the remainder when t is divided by 24.
21
Suppose -4*k + 31 = -25. Let q(g) = -2 + 4*g + 0 + 7 + k*g. What is the remainder when q(3) is divided by 15?
14
Let j(v) = 2*v**2 - 39*v - 96. Suppose -43 = -z + 4*r, 2*r - 84 = -3*z + 5*r. What is the remainder when j(23) is divided by z?
19
Suppose -y + 3*y = 5*k + 14, 5*y + 19 = -k. Let j = 6 - k. Suppose -5*m = -13 - 72. Calculate the remainder when m is divided by j.
7
Let f be 2/7 - (-3558)/42. Suppose 3*x + f = 5*l, -149 = -5*l - x - 44. What is the remainder when 58 is divided by 3/6*(l + 4)?
10
Suppose -3*p = 8 - 5. Calculate the remainder when 4 + (p - 2 - 5) - -13 is divided by 3.
0
Let k = -402 + 413. Calculate the remainder when 17 is divided by k.
6
Suppose -q - h = 4, -5*h + 6 = 4*q + 23. Let p(y) = -19*y - 1. Let r(f) = 2*f + 6. Calculate the remainder when p(q) is divided by r(7).
16
Suppose 120 = 5*s - 5*b, -s = -0*s + b - 24. Let w(r) = 10*r - 2. Calculate the remainder when w(7) is divided by s.
20
What is the remainder when 1069 is divided by 7*(-231)/(-24) - 48/128?
64
Suppose 25*u - 222 = 23*u - 4*z, -u - 3*z + 110 = 0. What is the remainder when u is divided by 5?
3
Let p = -74 - -74. Suppose p = -5*y + 74 - 24. Calculate the remainder when 29 is divided by y.
9
Let i = -22 + 31. Suppose -28*q + 23*q = -165. Calculate the remainder when q is divided by i.
6
Suppose 2*i + 13 = 31. Suppose m = -3*c + 91, -4*m = -3*c - i*m + 107. Calculate the remainder when 113 is divided by c.
26
Let z(v) = 2*v - 9. Let b be z(7). Let d be (0 - b - -3) + 1. What is the remainder when 29 is divided by 2 + d*52/(-4)?
14
Suppose 3*h - 5*c = -6*c + 114, 0 = -3*h + 2*c + 105. Calculate the remainder when 140 is divided by h.
29
Suppose -40 = -6*v + 4*v. Let o(w) = -w + 9. What is the remainder when v is divided by o(2)?
6
Suppose 0 = -4*s + 5*u + 212, 0 = 2*s - s - 2*u - 56. Suppose b = -s + 85. Calculate the remainder when b is divided by 12.
1
Let z = 155 - 140. Calculate the remainder when 193 is divided by z.
13
Let o(r) = -7*r**2 + 0*r**2 + 2*r + 5*r + 6*r**2 - 1. Let p be o(6). Suppose 14 + p = n. What is the remainder when n is divided by 5?
4
Suppose -3*p = 3*u - 30, -5 = -2*u - 1. Suppose p = 2*r - 14. Calculate the remainder when 53 is divided by r.
9
Suppose 786 = 4*p - 2*a, 5*p - 330 - 659 = -4*a. What is the remainder when p is divided by 71?
55
Let v(x) = 11*x. Suppose -4*i = 3*n - 8, n - 2*n = 0. What is the remainder when (2/(-4))/(1 - 85/84) is divided by v(i)?
20
Let w(q) = -q**3 + 36*q**2 + 122*q + 33. What is the remainder when w(39) is divided by 49?
32
Let m = -2158 + 2286. Calculate the remainder when m is divided by 11.
7
Suppose -495*o = -484*o - 132. What is the remainder when o is divided by -1*(-10)/(1*2)?
2
Suppose 4*m - m = 360. Let x = m - 52. Calculate the remainder when x is divided by (-82)/(-6) - (-5)/15.
12
Let c = -22 - -44. Let j = -9 + c. What is the remainder when 23 is divided by j?
10
Suppose 0 = -2*a - 0 - 6. Suppose h + 4 = 1. Calculate the remainder when 26 is divided by (-29)/h - (-2)/a.
8
Suppose 0 = 2*o + 4, -4*o = -5*b + 12 + 36. Suppose j - v - 35 = 0, 0 = -2*v - 0*v - 10. What is the remainder when j is divided by b?
6
Suppose -a + 2 = h, -2*a + 2*h + 2 + 6 = 0. Calculate the remainder when 90 is divided by a.
0
Let u = 18 - 13. Let i = 34 - 21. What is the remainder when i is divided by u?
3
Let m(u) = -3*u**2 + 4*u. Let j be m(3). Let r be -36 + 6 + -4 + 1. Let n = j - r. What is the remainder when 70 is divided by n?
16
Suppose 64 = 8*o - 80. What is the remainder when o is divided by 2?
0
Suppose 3*x - 60 = -6*a, 0 = 3*a - 5 + 11. What is the remainder when 261 is divided by x?
21
Suppose 0 = -14*u + 1213 - 317. What is the remainder when u is divided by 43?
21
Let u(r) = 2*r**2 + 5*r + 112. What is the remainder when u(-6) is divided by 2?
0
Suppose 303 = -14*f + 37*f - 203. Let p(h) = 4*h**2 - 2*h - 5. Calculate the remainder when p(-6) is divided by f.
19
Let d(f) = -33*f + 746. What is the remainder when 50 is divided by d(22)?
10
What is the remainder when 1043 is divided by 607/7 - (-88)/308?
86
Let k = 376 + 629. Calculate the remainder when k is divided by 72.
69
Let f = -16 + 133. Suppose 5*s - 3*c = f, 5*s - 3*c + 2*c - 109 = 0. What is the remainder when s is divided by 6?
3
Let v be ((-7)/3 - 0)*3. Let l = 20 + v. Calculate the remainder when 38 is divided by l.
12
Suppose 3*h = -143 + 587. What is the remainder when h is divided by 15?
13
Let t(k) = 9*k + 44. Calculate the remainder when 49 is divided by t(-3).
15
Suppose 9*a = 10*a - 15. Suppose 3*f + b - a = 0, -3*b = 3*f + 2*f - 29. Suppose 2*t - 12 = -f. What is the remainder when 7 is divided by t?
3
Let i(p) = 4*p**2 - 4*p + 3. Suppose -2*q = -3*n + q + 303, 5*q = 0. Let m = n - 59. Calculate the remainder when m is divided by i(2).
9
Suppose -5*q + 25 + 10 = 0. Let g(d) = -d**2 - 36*d - 273. Calculate the remainder when g(-12) is divided by (q - 0) + (-2)/(-2).
7
Let w be 14/(-49) + 16/7. Suppose w*k - 5*x - 108 = 0, 82 = 3*k - x - 67. Calculate the remainder when k is divided by 17.
15
Let y = -713 + 462. Let k be y/(-11) + 24/132. Let v = 33 - k. What is the remainder when 19 is divided by v?
9
Suppose 2*h = 2*o + 40, 0*h + 4*o = 5*h - 104. Let l be 265/10 - (-1)/(-2). Suppose 0 = -l*p + 31*p - 225. Calculate the remainder when p is divided by h.
21
Let p be (-5)/((-5)/(-4)) + 2. Let h be 51 + (p - (3 + -2)). Calculate the remainder when 23 is divided by 1*1*h/4.
11
Suppose 4*j = f + 9 + 59, 3*f = -5*j + 102. Calculate the remainder when j is divided by 8.
2
Let b(c) = -c**3 + 4*c**2 + 27*c - 101. What is the remainder when 74 is divided by b(5)?
2
Let w be 152/10*75/6*-1. Calculate the remainder when 96 is divided by 2 + w/(-4) - 1/2.
47
Suppose -1 = -2*j - 3*q - 20, 3*q + 5 = 5*j. Calculate the remainder when (32/(-5 + 1))/(j/5) is divided by 6.
2
Suppose -